r?
False
Is 1265233 a prime number?
True
Is 850741 prime?
False
Is 4594001 composite?
False
Is 6109349 prime?
True
Is 19737803 a prime number?
True
Is 11620181 a composite number?
False
Is 9438511 a composite number?
True
Is 6753821 a prime number?
True
Is 27760753 composite?
False
Is 42941917 prime?
True
Is 5246953 a composite number?
False
Is 11001131 a prime number?
True
Is 36584141 a prime number?
False
Is 53638583 a prime number?
False
Is 15759907 prime?
True
Is 98061901 composite?
True
Is 5120809 a composite number?
False
Is 10542353 composite?
True
Is 29698807 a prime number?
True
Is 5909509 a composite number?
False
Is 57449489 composite?
False
Is 2883721 composite?
True
Is 419743001 a composite number?
True
Is 2285099665 composite?
True
Is 9928439 a prime number?
False
Is 5129237 composite?
True
Is 99826291 a prime number?
True
Is 1361851 a composite number?
True
Is 104785729 a prime number?
False
Is 12384707 a composite number?
True
Is 1733933 a prime number?
False
Is 3732761 prime?
True
Is 2313889 a prime number?
True
Is 387953 composite?
False
Is 125779483 prime?
True
Is 23122553 prime?
True
Is 17754431 a prime number?
True
Is 3419821 composite?
False
Is 1068481 a prime number?
True
Is 82901649 a composite number?
True
Is 4447429 a prime number?
False
Is 18307589 composite?
True
Is 24144781 prime?
True
Is 83990981 prime?
False
Is 78340541 composite?
False
Is 30700855 a composite number?
True
Is 64723237 composite?
False
Is 127081271 a prime number?
False
Is 199939279 a composite number?
True
Is 55453478 prime?
False
Is 334660037 a composite number?
True
Is 5178682 a prime number?
False
Is 1364315 a composite number?
True
Is 10280027 prime?
True
Is 184783413 composite?
True
Is 48582329 a prime number?
True
Is 37959533 a composite number?
True
Is 28793081 prime?
True
Is 560062 composite?
True
Is 16425533 composite?
False
Is 9551981 composite?
False
Is 195792955 a prime number?
False
Is 395764741 composite?
True
Is 178702989 composite?
True
Is 2265869 composite?
False
Is 598535851 a prime number?
False
Is 92516019 a composite number?
True
Is 25313813 a prime number?
False
Is 12046233 prime?
False
Is 130202651 prime?
True
Is 160462 a composite number?
True
Is 4691699 prime?
True
Is 1607579 prime?
True
Is 42589 a prime number?
True
Is 73003057 composite?
True
Is 58889 a composite number?
False
Is 1344391 composite?
True
Is 4924459 a composite number?
True
Is 6525611 composite?
False
Is 337121 composite?
False
Is 34020461 composite?
True
Is 142547551 composite?
False
Is 4445643 composite?
True
Is 7288783 a prime number?
False
Is 8194583 prime?
True
Is 13978543 a composite number?
True
Is 26910599 a prime number?
True
Is 122870879 prime?
True
Is 240637 a prime number?
False
Is 23739613 a composite number?
False
Is 4398809 a composite number?
True
Is 15507203 prime?
True
Is 4028693 composite?
False
Is 943663841 prime?
True
Is 7571897 composite?
True
Is 3653641 composite?
True
Is 111223117 a prime number?
False
Is 13590515 prime?
False
Is 4437959 prime?
True
Is 611683 prime?
False
Is 9468389 composite?
True
Is 140613907 a composite number?
True
Is 32055083 prime?
False
Is 1747939 prime?
True
Is 25939337 composite?
True
Is 6104977 a prime number?
False
Is 63036037 composite?
False
Is 1257503 a composite number?
True
Is 14977063 composite?
False
Is 18671 a composite number?
False
Is 2396903 composite?
False
Is 73999819 composite?
True
Is 193576553 a prime number?
False
Is 54008387 composite?
True
Is 6047497 prime?
True
Is 7796137 composite?
True
Is 14743129 composite?
False
Is 3278461 a prime number?
True
Is 18725207 prime?
True
Is 13422533 composite?
False
Is 4153973 a prime number?
True
Is 1904545 a prime number?
False
Is 2288329 a prime number?
False
Is 237320639 prime?
True
Is 291923 a composite number?
False
Is 4990463 a composite number?
False
Is 2324461 prime?
False
Is 21416167 a composite number?
False
Is 6141173 composite?
False
Is 3399887 prime?
True
Is 2317177 a composite number?
True
Is 72864829 composite?
True
Is 3530717 composite?
False
Is 328637641 composite?
False
Is 970373 a composite number?
True
Is 54588371 a prime number?
False
Is 12565603 composite?
False
Is 1633459 composite?
False
Is 31972273 prime?
True
Is 3930977 a prime number?
False
Is 7449581 composite?
False
Is 424324577 a composite number?
True
Is 9309691 a composite number?
False
Is 25126181 composite?
True
Is 371131 prime?
True
Is 23412509 composite?
False
Is 5129561 a prime number?
False
Is 25292417 a composite number?
True
Is 21420197 a prime number?
False
Is 1297771 composite?
False
Is 166203287 a composite number?
False
Is 2822593 a composite number?
False
Is 71456279 a composite number?
True
Is 16916191 a prime number?
False
Is 1395623 composite?
False
Is 99049 a composite number?
True
Is 19974547 prime?
True
Is 631803197 composite?
False
Is 83195857 a prime number?
False
Is 5912963 a prime number?
False
Is 36204527 a composite number?
False
Is 93068753 composite?
False
Is 26215627 a composite number?
True
Is 703253 a prime number?
False
Is 1335221 a composite number?
True
Is 281783 composite?
False
Is 2713069 prime?
True
Is 2556847 prime?
False
Is 2199401 a prime number?
True
Is 71217771 a composite number?
True
Is 1157438 prime?
False
Is 20900051 prime?
True
Is 34494457 composite?
True
Is 144448219 a prime number?
True
Is 22828459 a prime number?
True
Is 22125419 prime?
True
Is 1950211 a prime number?
True
Is 40527803 composite?
True
Is 38654563 a composite number?
True
Is 17280667 a prime number?
True
Is 1485373 prime?
True
Is 361555529 a composite number?
False
Is 356111671 a composite number?
False
Is 21713539 a prime number?
False
Is 818429 composite?
False
Is 10127339 composite?
False
Is 38795959 prime?
True
Is 13101587 a prime number?
False
Is 2195807 prime?
False
Is 8350457 prime?
True
Is 14007517 prime?
True
Is 3533939 prime?
True
Is 190806947 a prime number?
False
Is 1003649 prime?
False
Is 25847287 prime?
True
Is 1073505079 a composite number?
False
Is 7981367 a prime number?
False
Is 90029857 a composite number?
False
Is 7747739 prime?
True
Is 6216887 composite?
False
Is 2793643 prime?
True
Is 62645027 a composite number?
True
Is 31925167 a composite number?
True
Is 394631 composite?
False
Is 27646313 a prime number?
True
Is 38607783 a composite number?
True
Is 175215641 a composite number?
False
Is 3836467 composite?
True
Is 152989 composite?
False
Is 48045073 composite?
False
Is 15778211 a prime number?
True
Is 179861954 composite?
True
Is 733511 a prime number?
True
Is 44935823 a composite number?
False
Is 26820473 a prime number?
True
Is 9154153 a prime number?
False
Is 1832437 composite?
True
Is 58309549 prime?
True
Is 4449659 a composite number?
False
Is 215921 a composite number?
False
Is 545291 a composite number?
False
Is 5025581 a prime number?
False
Is 33438451 composite?
False
Is 20637931 a composite number?
False
Is 1189147 a prime number?
False
Is 6079691 a composite number?
True
Is 2392691 composite?
True
Is 2308637 a prime number?
True
Is 48981893 composite?
False
Is 1365869 composite?
False
Is 1861739 a prime number?
False
Is 16221829 a prime number?
False
Is 962327 prime?
False
Is 4762519 composite?
True
Is 78752501 composite?
False
Is 295663 composite?
False
Is 6606283 prime?
True
Is 164084101 prime?
True
Is 1963691 composite?
False
Is 39049421 a prime number?
False
Is 70291543 prime?
False
Is 121686757 prime?
False
Is 3800549 composite?
False
Is 3478229 composite?
False
Is 299048273 a composite number?
True
Is 41324021 composite?
False
Is 708728719 a composite number?
False
Is 22052735 prime?
False
Is 92017249 composite?
True
Is 1511201 prime?
True
Is 16234109 a composite number?
False
Is 1415681 a composite number?
False
Is 13745311 a composite number?
True
Is 12232313 a prime number?
False
Is 80263081 a composite number?
False
Is 16331 a prime number?
False
Is 172336597 prime?
True
Is 264901661 composite?
True
Is 45426097 a prime number?
False
Is 17413897 prime?
True
Is 15895273 prime?
False
Is 580212883 a composite number?
False
Is 42187007 prime?
True
Is 7313941 prime?
False
Is 13851997 a composite number?
True
Is 2570233 a prime number?
True
Is 39231299 a composite number?
False
Is 150514729 prime?
True
Is 2298848